+ 5. Let g be u(9). Is (-2)/(g/(-3935) + 2) composite?
False
Let v(p) = -584*p - 1. Let r = -10 - -9. Is v(r) a prime number?
False
Suppose -b - 26 + 101 = 0. Let n = -41 + b. Suppose 4*z - n = -0*z + 3*m, -3*m + 1 = z. Is z a composite number?
False
Let u(r) = 62*r**3 + 4*r**2 - 7*r + 2. Is u(5) prime?
True
Let s(k) = -119*k**3 + k**2 + k. Let f = -5 + 11. Suppose 7*m - f*m + 1 = 0. Is s(m) prime?
False
Let h = 8298 + -4705. Is h composite?
False
Let s be 3730/6 + (-12)/(-36). Let j = s - 399. Is j a composite number?
False
Let o(z) = 8*z**3 - 4*z**2 - 8*z + 27. Let c be (-10)/(2/(5 + -6)). Is o(c) a prime number?
True
Suppose 5*p = 2*v - 6895 + 20740, -3*v = -p + 2782. Is p prime?
True
Let m = -13295 - -20100. Is m composite?
True
Let t(n) = -n**2 + 6*n + 7. Let u(x) = 5*x + 7. Let l(c) = -2*t(c) + 3*u(c). Suppose 60 = 5*w + 10. Is l(w) a prime number?
False
Is 3/(-2) - (-4542)/(-36)*-3 composite?
True
Suppose 0 = -j + 14*j - 19487. Is j a composite number?
False
Suppose -340 = -0*s - 4*s. Suppose 2*n - s = 177. Is n a composite number?
False
Suppose -2*d = -5*g - 121, 4*g - g = d - 58. Suppose -77*w = -d*w - 11848. Is w composite?
True
Suppose -11*t - 13*t + 7176 = 0. Is t prime?
False
Let i(y) = 34808*y**2 + 92*y - 93. Is i(1) a prime number?
True
Suppose 2*y - 6 + 0 = 0. Let g(c) = 8*c**3 + c**2 - 2*c - 6. Let h(t) = -t**3 + t**2 + 1. Let z(f) = g(f) + 4*h(f). Is z(y) prime?
False
Suppose 5*t + 1 - 16 = 0. Suppose 0*f = -5*f + 3*u + 13057, -t*f + 7815 = 3*u. Is f prime?
True
Let i = 4501 + 16862. Is i composite?
True
Suppose 5*q - 45 + 10 = 5*s, -4*s - 5*q = 10. Let h(k) = -14*k - 9. Let m(i) = -2*i**2 + 16*i + 9. Let o(b) = -5*h(b) - 4*m(b). Is o(s) composite?
False
Let z(h) = -h + 2141. Let t be z(0). Suppose 7010 = 3*f + t. Is f composite?
True
Let v(k) = -384*k - 41. Let n(j) = 256*j + 27. Let h(i) = 8*n(i) + 5*v(i). Is h(9) composite?
False
Let f(h) = -h**3 + 70*h**2 + 16*h - 33. Is f(16) a composite number?
True
Suppose 4*i + 5*k - 1843 = 1330, 2*k + 1600 = 2*i. Is i composite?
False
Suppose 3*r = -3*s + 288, s - 3*s + 192 = -2*r. Let i = s + -19. Is i a composite number?
True
Suppose -5*n - 17 = 3*i, -n - 3 - 4 = -3*i. Let c be 9/(-6)*n/3. Suppose c*g + 153 = 1115. Is g composite?
True
Suppose 0 = -2*p - 5*l + 8827, 2*p - 6624 - 2200 = -4*l. Is p a composite number?
True
Let v(s) = -s**3 - 2*s**2 - 2*s + 118. Let c(h) = -h**2 - 9*h - 8. Let k be c(-8). Is v(k) composite?
True
Suppose -622 = -9*y + 818. Is 512/5 + 1 - 64/y a composite number?
False
Suppose -9174 = -2*d + 2*j, d + 1544 - 6139 = -j. Is d a composite number?
False
Let m = -3274 - -6569. Is m a composite number?
True
Let z(v) = -v**2 - v - 1654. Let w(m) = -2*m**2 - 2*m - 3309. Let j(y) = -3*w(y) + 5*z(y). Is j(0) prime?
True
Suppose -o + 6*v = -0*o - 22519, 2*o - 3*v = 45011. Is o a prime number?
True
Is (-5 - 2) + 2 - 2 - -6940 prime?
False
Suppose 0 + 1 = g - 4*v, 5*g = 2*v + 23. Suppose -g*c + 712 = -943. Is c composite?
False
Suppose 5*o - 3*x - 16576 = 0, -2*o + 2*x = -x - 6634. Is o prime?
False
Let j(h) = 14212*h + 113. Is j(8) a prime number?
True
Suppose 2*d + l = -2*l + 7, -10 = -3*d - 4*l. Suppose 0*c + 3*c - 9 = 0. Is (c + (-103)/(-2))*d composite?
False
Suppose -3*a - 3*x + 802 + 410 = 0, -2*a + 4*x = -796. Suppose -5*u = -2*v + 709, 3*u - a - 347 = -2*v. Is v composite?
False
Suppose -623 = -5*z + 4*j - j, 2*j = 4*z - 500. Let s = z - 70. Is s a composite number?
True
Let o(f) = f**3 - 9*f**2 - 7*f - 4. Let c be o(10). Is (-15510)/(-78) + (3 - 74/c) a composite number?
False
Let m = -460 - -9053. Suppose -m + 2963 = -5*i. Is i prime?
False
Suppose 3*c = c + 9022. Is c a prime number?
False
Let j(n) = -n**3 + 5*n**2 + 4*n - 1. Suppose 2*c - 1 = -3*u, 4*c - u - 6 = 17. Suppose -c*w + w = 8. Is j(w) a composite number?
False
Suppose a = 1 - 3. Is (-30)/15*401/a a prime number?
True
Suppose -2*a = -9*a + 25473. Is a a prime number?
False
Suppose -23457 = -4*t + 27107. Is t composite?
False
Suppose 0 = -3*q - 2*l - 4, -3*q + 2*l = -q - 14. Suppose -g + s = -2*s - 541, 3*s + 1070 = q*g. Is g prime?
False
Let b(a) = 33*a**2 - 4*a - 3. Suppose n - 16 = 5*n. Is b(n) a composite number?
False
Suppose 0 = 3*b - 5*v + 8, -3*v + 6 - 2 = -b. Let g(l) = -200*l**3 + l**2 - l - 1. Is g(b) a composite number?
True
Let y(u) be the first derivative of 7*u**3/3 - u**2/2 - 4. Let h be y(1). Suppose -h*f + 2*f = -764. Is f a prime number?
True
Suppose 9*u - 56790 = -9*u. Is u prime?
False
Let y(l) = -397*l - 179. Is y(-4) a composite number?
False
Suppose -c + 3461 = -3*p + 7*p, 0 = -3*p - 4*c + 2586. Is p composite?
True
Let l(s) = -1921*s - 55. Is l(-2) composite?
True
Let g(b) = 543*b + 20. Is g(1) a composite number?
False
Let p be (2 + (-10)/4)*0. Suppose -3*j - 6*f + 2*f = 28, -j + f = p. Is (-3 - -1)/(j/134) a prime number?
True
Let y(o) = -4*o**3 + 4*o**2 + 4*o - 11. Let j = 54 - 60. Is y(j) a prime number?
False
Let b = 24 - 21. Let z be 3/(b/(-9)*-3). Suppose 2*n = 7*n - 5*x - 2960, -4*x = -z*n + 1781. Is n composite?
False
Let y(g) = g**2 + 3*g + 25. Suppose 0 = 5*u + 4 + 46. Let s(j) = j - 1. Let d be s(u). Is y(d) a prime number?
True
Suppose 2*s + 6*g - 4*g = 8370, -s + 3*g + 4169 = 0. Is s prime?
False
Let c(k) be the third derivative of k**5/15 + k**3/6 - 5*k**2. Let u be c(-1). Suppose d = -3*h - 197 + 828, u*h = -2*d + 1051. Is h a prime number?
True
Suppose -8 = 5*v + 2. Let g(r) = -23*r**3 + r**2 - 3*r - 2. Let s be g(v). Let w = s - 137. Is w prime?
False
Let q(d) = -269*d + 22. Let r be q(-7). Suppose 13*s = 8*s + r. Is s prime?
False
Let w = 45 - 31. Suppose 18*y - 1564 = w*y. Is y a composite number?
True
Suppose 4*r - 2*g = 3*r + 6, -r + 3*g = -7. Suppose -351 = -r*b - 107. Let h = 6 + b. Is h composite?
False
Let g be 14 - (5 + -2 + -6). Let v = -3 - 3. Let q = g + v. Is q a composite number?
False
Suppose -179*v - 58553 = -190*v. Is v a composite number?
False
Let s(l) = l**3 + 6*l**2 + 5*l + 2. Let y be s(-5). Is (-1489)/(-7) - (-1)/(7/y) composite?
True
Let q(b) = -1 + b**2 + 8*b - 10*b**2 + 10*b**2 + 0. Is q(-10) prime?
True
Let g = -4 - 4. Let p be 0*(-4)/g*-1. Is (p - 339/(-3)) + 2 prime?
False
Is ((-8)/(-12) + (-47387)/12)*-4 a composite number?
True
Suppose 195372 = 4*k + 4*s, -4*k - 36*s = -33*s - 195368. Is k a prime number?
False
Let n(x) = x**2 + 3*x - 5. Let j be n(-5). Let y(p) be the third derivative of p**5/10 + p**4/12 + p**3/6 + 38*p**2. Is y(j) a prime number?
False
Let z(a) = 5*a**2 + a + 163. Is z(0) a composite number?
False
Suppose -2*b + 9090 = 2*p - 0*p, 2*p = -5*b + 9084. Is p composite?
False
Is (-2356)/(-9) - 10/(-45) a composite number?
True
Let n(v) = -5*v**2 + 6 + 19 - v + 4*v**3 + 14 + 0*v**3. Is n(8) prime?
True
Let r = 8030 + -13732. Let y be (18/3 + -1)*r. Is 2/9 + y/(-90) a prime number?
True
Suppose 4*q = 3*u - 16309, -2*u + 4028 + 6844 = -2*q. Is u a composite number?
True
Suppose -3*f + 13*l = 8*l - 909, 0 = 5*l. Is f a composite number?
True
Let b = 297 - -881. Suppose -3*k + 7522 + 2342 = 0. Suppose 0 = 2*d + 2*w - b, 5*d + 351 - k = -w. Is d a composite number?
False
Suppose 0 = -h - 3*h + 12. Suppose 0 = -a - h - 1, 0 = n + 2*a - 323. Is n a composite number?
False
Let r(v) be the third derivative of v**5/30 + 3*v**4/8 + v**3 + 5*v**2. Let o be r(-9). Suppose -f = 2*f - 2*m - 108, -3*f - 5*m = -o. Is f a prime number?
False
Let v(z) be the third derivative of -z**4/24 - z**3/3 + 6*z**2. Let y be v(-5). Suppose -2*u + 4 = -u, y*h - 3*u = 51. Is h composite?
True
Let b(x) = -134*x**3 - x**2 - 5*x - 4. Let u be b(-3). Let z = u - 1567. Is z prime?
True
Let b = 11 - 17. Let g(o) = -55*o + 1. Let a(u) = -u - 2. Let j(t) = -2*a(t) + g(t). Is j(b) a prime number?
False
Let o = 58 + -62. Is 1 + 87 + o + 7 a prime number?
False
Suppose 6*f - 5*f - 3494 = 3*o, -13966 = -4*f + 2*o. Is f a composite number?
False
Let i = 294 + -146. Is (-111)/(-3 - (-432)/i) a prime number?
False
Suppose -1220 - 1761 = a. Is a/(-3) + 2/(-3) composite?
True
Let p(z) = 19*z**2 + z + 11. Let j be 2/15 + 665/75. Is p(j) a composite number?
False
Let q(o) = o**2 + 6*o + 1. Let k(t) = t**2 + 7*t. Let v(l) = 3*k(l) - 4*q(l). Let h be v(0). Is (6/h)/(6/(-12)) a composite number?
False
Let v = 35 + -33. Suppose -v*d = 3*d - 595. Suppose 5*n -